 Let b be w(0). Let z(g) = -g + 5. Let j(t) = -2*t + 6. Let y(d) = b*j(d) + 3*z(d). Suppose 0 = -3*l - u - 20, l + 8 = -u - 2. What is y(l)?
-2
Let l(q) = q**2 - 5*q - 2. Let u be l(6). Suppose 5*o + 2 + 7 = 3*f, -6 = -2*f + u*o. Let h(y) = f*y - y - y - 3. Give h(0).
-3
Let x = 44 - 40. Let k(a) = a + 3. Determine k(x).
7
Let o(t) = 2*t. Let v = 2 - -8. Suppose 2*a + 5*f - 2*f - v = 0, 0 = -5*a - 4*f + 18. Suppose 4 = -2*d - a*d. What is o(d)?
-2
Suppose 0 = 5*c + 5*s - 10, 0*c + 3*c + s = 0. Let v(j) = 3*j. Let b(a) = a. Suppose -5 = 6*w - w. Let g(k) = w*v(k) + b(k). What is g(c)?
2
Suppose h = -2*h + 6. Suppose 3*c + h*l - 6 = 0, -2*c - 3*c - 5*l + 5 = 0. Let o(n) = -n + 3. What is o(c)?
-1
Let g(z) = z**3 - 3*z**2 + 3*z + 1. Suppose 8*j - 12 = 4*j. Determine g(j).
10
Let p(f) = f**2 - f. Let l(a) = -17*a**2 + 7*a. Let b(k) = l(k) + 6*p(k). What is b(1)?
-10
Let b(t) = 4*t**2 - 2*t. Let a(c) = 11*c**2 - 5*c. Let m(q) = -3*a(q) + 8*b(q). What is m(-3)?
-6
Let g(l) = l**3 - 8*l**2 + 7*l + 6. Let n(t) = 6*t + 36. Let c be n(-5). What is g(c)?
-24
Let d(x) = 15*x**2 + 12*x - 13. Let q(c) = 7*c**2 + 6*c - 6. Let f(i) = 6*d(i) - 13*q(i). What is f(-5)?
5
Let c(w) = w + 20*w**2 - 4 - 28*w**2 + 9*w**2 + 3. Calculate c(-3).
5
Let f(x) = x**2 - x - 3. Let j(v) = -v**3 + 11*v**2 - 11*v + 13. Suppose 0 = -3*u - 2*u + 4*q + 54, -4*u + 43 = -3*q. Let m be j(u). What is f(m)?
3
Suppose 5*t - 4*s + 2 = -3, 25 = 5*t + 2*s. Suppose -3*p + 2*p + t = 0. Let z(b) = -3 + 5*b**2 - p*b + 4*b - 4*b**2. Calculate z(0).
-3
Let j(u) = -23 + 6*u**2 + 12 - 18 + 15*u. Let i(w) = -2*w**2 - 5*w + 10. Let b(t) = 17*i(t) + 6*j(t). Calculate b(-4).
8
Let p be ((4 - 4) + 2)*-3. Let v(k) be the second derivative of k**5/20 + 7*k**4/12 + 5*k**3/6 - 7*k**2/2 + k. Determine v(p).
-1
Let y(l) = 2*l**3 + 7*l**2 + 5*l + 33. Let b(n) = -n**3 - 3*n**2 - 2*n - 16. Let d(o) = -7*b(o) - 3*y(o). Let s = 1 - 1. Determine d(s).
13
Let x(w) = w**2 - 4*w + 1. Let j(q) = 57*q**3 - q**2 - q. Let c be j(-1). Suppose -130 + 42 = -4*l. Let m be (-4)/l - c/11. What is x(m)?
6
Let u(w) = -w + 1. Let r be u(-1). Let p(l) = 4*l**r + 3*l**2 - 5*l**2 - 1 + l. Calculate p(-2).
5
Let s be 4/14 + 16/(-56). Let v(c) = -c**2 + 2. Give v(s).
2
Let a(s) = s**2 - 9*s + 1. Suppose -4*q - 35 = -5*j, -2*j + 5*q = -3*j + 7. Determine a(j).
-13
Let b(o) be the second derivative of -o**5/20 - o**4/12 - o**3/6 + 3*o**2/2 + 6*o. Let s be ((-2 - -2)/(-2))/2. Let f be (0 + (s - 0))/1. What is b(f)?
3
Let o(j) = -4*j**3 - 3*j - 3. Let g(c) = 5*c**3 + 4*c + 4. Let l(y) = -3*g(y) - 4*o(y). Let r(p) = 4*p**2 - 3*p - 2. Let n(x) = -l(x) + r(x). Calculate n(3).
-2
Let v(c) = -c**3 - c**2 + 3*c - 2. Let q = 12 + -7. Let g = q + -5. Suppose g = -o, l + 10 = 6*l + 2*o. Give v(l).
-8
Let v(b) be the third derivative of b**5/60 - b**4/3 - b**3/2 + 13*b**2. Let s be 376/56 + 2/7. Determine v(s).
-10
Let d be 20/96*3/15. Let t(w) be the third derivative of d*w**4 + 0*w - w**2 + 0 + 0*w**3. What is t(-2)?
-2
Let m(q) be the first derivative of -10*q**2 - 7. Calculate m(1).
-20
Let a(i) = 1 - 5*i + 0 - 4 + 1. Let q(p) = -11*p - 3. Let d(j) = -9*a(j) + 4*q(j). Give d(0).
6
Let z(n) = -3*n**2 + n + 2. Suppose 10 = -c + 12. Determine z(c).
-8
Let g(o) = o**2 - 3*o - 6. Suppose a + 3*a = 5*q, -2*a = 0. Suppose -3*n + 19 = 2*p, 2*p + q*p = -n + 9. Suppose p*k = -k + 15. Calculate g(k).
4
Let t(v) = -3*v + 11 - 6 - 7 + 8*v. Calculate t(-2).
-12
Let w(o) = 1 + 0 - 3 + 3. Let g(b) = 3*b + 2. Let u(y) = g(y) - 4*w(y). What is u(2)?
4
Suppose -d + 3 = -0*d. Let z(f) = 3*f - d*f - 6*f + 3*f. Give z(2).
-6
Let a(d) = 5*d - 13. Let j(u) = -9*u + 25. Let l = 6 - 12. Let n(h) = l*j(h) - 11*a(h). Give n(-5).
-2
Let p(j) = j - 4*j**2 + 0*j**2 + 2 + 28*j**3 - 27*j**3. What is p(3)?
-4
Let l(y) = -5*y - 5. Let r(n) = n + 1. Let j(c) = 2*l(c) + 9*r(c). Determine j(-7).
6
Suppose 3*x - 20 = 5*s, -5*x + 2*s = 6*s + 16. Let g(c) = 6*c**3 - c + 0*c + 1 + c**2 + x*c. Give g(1).
7
Let x be 8/28 + 12/7. Suppose 2*k + t = -2 + 1, -2*t + x = 0. Let b = k + -1. Let j(a) = a - 1. Determine j(b).
-3
Let n(m) = m - 499 + 2*m + 497 - 4*m. Suppose -i + 5*x + 1 + 9 = 0, -i + 9 = -4*x. What is n(i)?
-7
Let q(v) be the first derivative of -7/3*v**3 + 0*v**2 + 2 + 1/4*v**4 + 4*v. What is q(7)?
4
Let p(w) = 2*w**2 - 5*w + 1. Let b(j) = -4*j**2 + 10*j - 3. Let v(r) = 3*b(r) + 7*p(r). Suppose 3*u - 12 = 0, -y + 5*y - 20 = -u. What is v(y)?
10
Let k(b) = -b**2 + 7*b - 9. Let d(o) = -3*o + 5 + 5*o - o + 1. Let u be d(0). Calculate k(u).
-3
Let m(j) = 11*j**3 + j**2 + 3*j + 3. Let w(h) = -10*h**3 - h**2 - 2*h - 2. Let y(g) = -3*m(g) - 4*w(g). Let c = -6 + 1. Let t = 4 + c. Give y(t).
-6
Suppose 5*s - 5*k = -21 - 4, -3*s + 5*k = 17. Let x(t) = t**3 + 7*t**2 + 4*t + 7. Let u be x(-6). Let m(f) = 3*f**2 + 7*f + 7*f - u*f + f**3. Give m(s).
4
Suppose b = 11 - 0. Suppose 2*w + 5*q - 9 = -28, 2*w = 5*q + b. Let o(a) = -4*a + 1. Determine o(w).
9
Let q(x) = 5*x - 4. Let p(f) = 9*f - 8. Let o(y) = -3*p(y) + 5*q(y). What is o(-4)?
12
Let r(f) be the third derivative of f**6/120 - f**5/60 - f**4/24 - f**3/6 - 11*f**2. Determine r(0).
-1
Let x(z) = 4*z**2 - z + 3. Let s(b) = -11*b**2 + 3*b - 10. Let f be (6 - 4)/((-1)/4). Let i(t) = f*x(t) - 3*s(t). Determine i(0).
6
Let s = 13 + -11. Let h(m) be the second derivative of 1/12*m**4 - 2*m - 1/6*m**3 + 0 - 4*m**s - 1/20*m**5. Calculate h(0).
-8
Let z(s) = 3*s**2 + 20*s + 10. Let p be z(-6). Let d(k) = -2*k**2 - 2*k + 2. Calculate d(p).
-2
Let b(u) = -u**3 + 4*u**2 + 3*u + 7. Let g be b(5). Let f(q) = -6 - 4*q + 3 + q. Determine f(g).
6
Let d(w) be the third derivative of w**5/60 + w**4/6 + w**3/6 + 3*w**2. Calculate d(-6).
13
Let w(y) be the second derivative of y**5/30 - y**4/24 + y**3/6 + 3*y. Let g(u) be the second derivative of w(u). What is g(2)?
7
Let w(o) = -17*o**3 + o. Let g(x) = -x**3 + 8*x**2 - 18*x + 7. Let p be g(4). What is w(p)?
16
Let w(c) be the first derivative of -c**2/2 + 13. Give w(-5).
5
Let r(a) be the first derivative of -a**4/4 + 2*a**3 - 2*a**2 - 2*a - 2. Determine r(5).
3
Let g(u) = u**3 - 5*u**2 - 7*u - 5. Let n(m) = m**3 - 7*m**2 + 6*m + 6. Let r be n(6). Determine g(r).
-11
Suppose 2*p - 1 + 5 = -2*z, -1 = 4*p - 3*z. Let y = p + 3. Let s(m) = 4*m**y - 4*m**2 - 7*m**2. What is s(-1)?
-7
Let y(a) = -3*a + 3*a + 6 - a. Let h be (2/(-12))/((-12)/18)*20. Calculate y(h).
1
Suppose 0 = 4*t - 4. Let z(u) = 1 + 2*u**2 - 4 + 2 - 2*u + u. Let d(k) = -k**2 - k - 1. Let f(a) = t*z(a) + d(a). Give f(4).
6
Let y(u) = -12*u**2 + 3*u + 2. Let r(q) = -36*q**2 + 10*q + 7. Let v(m) = -2*r(m) + 7*y(m). Give v(-1).
-13
Let k(f) = -f**3 - 4*f**2 - 5*f - 4. Let t be k(-3). Let b(h) = -t*h + 5*h**2 - 6*h**2 + 0*h**2 - 3. Determine b(-2).
-3
Let d(w) = 3*w + 1. Let s = 78 - 50. Suppose -4*t = -2*u - 2 + s, -u - 5*t = 22. Suppose 7 = -u*m + 1. What is d(m)?
-5
Let g(k) = k**2 + 9*k + 5. Let o be g(-8). Let b(d) = -d**3 - 2*d**2 - 2. Determine b(o).
7
Let z(g) = -g - 2*g + 3 - 2. Let x(c) = -c**3 + 6*c**2 - 5*c + 3. Let d be x(5). Let t be 0 + (-2 + d)*-1. Determine z(t).
4
Let x(h) = 3. Let r(u) = u - 7. Let p(q) = 6*r(q) + 15*x(q). Determine p(-2).
-9
Let r(a) = 4*a**3 + a**2 - 1. Let d be (-96)/(-3)*(-9)/(-12). Suppose 4*w = 2*y - d, 4*w - 2*w = -2*y. Let o = 3 + w. Determine r(o).
-4
Let u(h) = -h**2 - 1. Let a(g) be the third derivative of -11*g**5/60 - 7*g**3/6 - 2*g**2. Let q(w) = -a(w) + 6*u(w). Let x = -10 - -11. Give q(x).
6
Let v(z) = z**2 - 4*z. Let b = 7 + -6. Let k be (2 + b)/(-6)*-6. Determine v(k).
-3
Suppose -4*s + 0*f - 3*f - 4 = 0, 2*f = 2*s - 12. Let v(l) = 2*l - l - 3*l**3 + 0*l - 3*l**2 + s + 4*l**3. Determine v(2).
0
Suppose 0 = -4*t + 13 - 5. Let b(o) be the first derivative of 1 - 1/2*o**t + o. Calculate b(-3).
4
Let u(z) = -z + z + z - 10. Calculate u(6).
-4
Let z(m) be the third derivative of -m**4/24 + m**2. Let u(n) = n**3 - 3*n**2 - 6*n + 10. Let g be u(4). Give z(g).
-2
Let y = -2 + 7. Let z = y - 5. Let m(b) = -3 - 3 - b**2 - 2*b**3 + b**3. Calculate m(z).
-6
Suppose -3*w + 41 = b, 59 = 4*w + w + 4*b. Suppose w = -n + 6*n. Let o(z) = -6 + 2 + 2*z - 3*z + n. Determine o(-2).
1
Let f(r) = 4 - 30*r**2 + 3 + 29*r**2 - 2. Let k be 1/4 + (-2)/8. What is f(k)?
5
Let c(t) = 4*t**2 - 11*t + 9. Let s be (-6)/4 + (-